{"id":136,"date":"2023-11-29T13:35:45","date_gmt":"2023-11-29T13:35:45","guid":{"rendered":"https:\/\/www.bistro11.cz\/?page_id=136"},"modified":"2024-05-28T09:12:48","modified_gmt":"2024-05-28T09:12:48","slug":"kompletni-nabidka-bistra11","status":"publish","type":"page","link":"https:\/\/www.bistro11.cz\/?page_id=136","title":{"rendered":"Kompletn\u00ed nab\u00eddka Bistra11"},"content":{"rendered":"\n<p>Na str\u00e1nce se pracuje.<\/p>\n\n\n\n<p>D\u011bkujeme za pochopen\u00ed<\/p>\n\n\n\n<p><\/p>\n","protected":false},"excerpt":{"rendered":"<p>Na str\u00e1nce se pracuje. D\u011bkujeme za pochopen\u00ed<\/p>\n","protected":false},"author":1,"featured_media":0,"parent":0,"menu_order":0,"comment_status":"closed","ping_status":"closed","template":"","meta":{"footnotes":""},"_links":{"self":[{"href":"https:\/\/www.bistro11.cz\/index.php?rest_route=\/wp\/v2\/pages\/136"}],"collection":[{"href":"https:\/\/www.bistro11.cz\/index.php?rest_route=\/wp\/v2\/pages"}],"about":[{"href":"https:\/\/www.bistro11.cz\/index.php?rest_route=\/wp\/v2\/types\/page"}],"author":[{"embeddable":true,"href":"https:\/\/www.bistro11.cz\/index.php?rest_route=\/wp\/v2\/users\/1"}],"replies":[{"embeddable":true,"href":"https:\/\/www.bistro11.cz\/index.php?rest_route=%2Fwp%2Fv2%2Fcomments&post=136"}],"version-history":[{"count":6,"href":"https:\/\/www.bistro11.cz\/index.php?rest_route=\/wp\/v2\/pages\/136\/revisions"}],"predecessor-version":[{"id":189,"href":"https:\/\/www.bistro11.cz\/index.php?rest_route=\/wp\/v2\/pages\/136\/revisions\/189"}],"wp:attachment":[{"href":"https:\/\/www.bistro11.cz\/index.php?rest_route=%2Fwp%2Fv2%2Fmedia&parent=136"}],"curies":[{"name":"wp","href":"https:\/\/api.w.org\/{rel}","templated":true}]}}